{"id":574,"date":"2021-11-11T18:23:47","date_gmt":"2021-11-11T17:23:47","guid":{"rendered":"https:\/\/www.tbitsolutions.de\/?page_id=574"},"modified":"2022-02-26T01:12:55","modified_gmt":"2022-02-26T00:12:55","slug":"impressum","status":"publish","type":"page","link":"https:\/\/www.tbitsolutions.de\/?page_id=574","title":{"rendered":"Impressum"},"content":{"rendered":"\n<p>Angaben gem\u00e4\u00df \u00a7 5 TMG<\/p>\n\n\n\n<p>Tim B\u00e4\u00dfler<br>tb it solutions<br>Schulstra\u00dfe 11<br>53567 Buchholz<br>Deutschland<\/p>\n\n\n\n<p><strong>Vertreten durch:<\/strong><br>Tim B\u00e4\u00dfler<\/p>\n\n\n\n<p><strong>Kontakt:<\/strong><br>Telefon: +49 2248 91 67 67 1<br>E-Mail:&nbsp;info(at)tbitsolutions.de<\/p>\n\n\n\n<p><strong>Haftungsausschluss:<\/strong><br><br><strong>Haftung f\u00fcr Inhalte<\/strong><br><br>Die Inhalte unserer Seiten wurden mit gr\u00f6\u00dfter Sorgfalt erstellt. F\u00fcr die Richtigkeit, Vollst\u00e4ndigkeit und Aktualit\u00e4t der Inhalte k\u00f6nnen wir jedoch keine Gew\u00e4hr \u00fcbernehmen. Als Diensteanbieter sind wir gem\u00e4\u00df \u00a7 7 Abs.1 TMG f\u00fcr eigene Inhalte auf diesen Seiten nach den allgemeinen Gesetzen verantwortlich. Nach \u00a7\u00a7 8 bis 10 TMG sind wir als Diensteanbieter jedoch nicht verpflichtet, \u00fcbermittelte oder gespeicherte fremde Informationen zu \u00fcberwachen oder nach Umst\u00e4nden zu forschen, die auf eine rechtswidrige T\u00e4tigkeit hinweisen. Verpflichtungen zur Entfernung oder Sperrung der Nutzung von Informationen nach den allgemeinen Gesetzen bleiben hiervon unber\u00fchrt. Eine diesbez\u00fcgliche Haftung ist jedoch erst ab dem Zeitpunkt der Kenntnis einer konkreten Rechtsverletzung m\u00f6glich. Bei Bekanntwerden von entsprechenden Rechtsverletzungen werden wir diese Inhalte umgehend entfernen.<br><br><strong>Haftung f\u00fcr Links<\/strong><br><br>Unser Angebot enth\u00e4lt Links zu externen Webseiten Dritter, auf deren Inhalte wir keinen Einfluss haben. Deshalb k\u00f6nnen wir f\u00fcr diese fremden Inhalte auch keine Gew\u00e4hr \u00fcbernehmen. F\u00fcr die Inhalte der verlinkten Seiten ist stets der jeweilige Anbieter oder Betreiber der Seiten verantwortlich. Die verlinkten Seiten wurden zum Zeitpunkt der Verlinkung auf m\u00f6gliche Rechtsverst\u00f6\u00dfe \u00fcberpr\u00fcft. Rechtswidrige Inhalte waren zum Zeitpunkt der Verlinkung nicht erkennbar. Eine permanente inhaltliche Kontrolle der verlinkten Seiten ist jedoch ohne konkrete Anhaltspunkte einer Rechtsverletzung nicht zumutbar. Bei Bekanntwerden von Rechtsverletzungen werden wir derartige Links umgehend entfernen.<br><br><strong>Urheberrecht<\/strong><br><br>Die durch die Seitenbetreiber erstellten Inhalte und Werke auf diesen Seiten unterliegen dem deutschen Urheberrecht. Die Vervielf\u00e4ltigung, Bearbeitung, Verbreitung und jede Art der Verwertung au\u00dferhalb der Grenzen des Urheberrechtes bed\u00fcrfen der schriftlichen Zustimmung des jeweiligen Autors bzw. Erstellers. Downloads und Kopien dieser Seite sind nur f\u00fcr den privaten, nicht kommerziellen Gebrauch gestattet. Soweit die Inhalte auf dieser Seite nicht vom Betreiber erstellt wurden, werden die Urheberrechte Dritter beachtet. Insbesondere werden Inhalte Dritter als solche gekennzeichnet. Sollten Sie trotzdem auf eine Urheberrechtsverletzung aufmerksam werden, bitten wir um einen entsprechenden Hinweis. Bei Bekanntwerden von Rechtsverletzungen werden wir derartige Inhalte umgehend entfernen.<\/p>\n\n\n\n<p><strong>Besondere Nutzungsbedingungen<\/strong><br><br>Soweit besondere Bedingungen f\u00fcr einzelne Nutzungen dieser Website von den<br>vorgenannten Paragraphen abweichen, wird an entsprechender Stelle<br>ausdr\u00fccklich darauf hingewiesen. In diesem Falle gelten im jeweiligen<br>Einzelfall die besonderen Nutzungsbedingungen.<\/p>\n\n\n\n<p><strong>Fotos\/Grafik Quellen<\/strong><\/p>\n\n\n\n<p>Die auf dieser Seite genutzten Grafiken sind zum Teil bezogen von folgenden freien Galerien. Es gelten die jeweiligen Lizenzbestimmungen<\/p>\n\n\n\n<ul class=\"wp-block-list\"><li>3 Grafiken auf der Startseite<ul><li>Unsplash &#8211; Photos for everyone<ul><li>Website: <a href=\"https:\/\/www.unsplash.com\">https:\/\/www.unsplash.com<\/a><\/li><li>Lizenzbestimmungen <a href=\"https:\/\/www.unsplash.com\/license\">https:\/\/www.unsplash.com\/license<\/a><\/li><\/ul><\/li><\/ul><\/li><li>Icons auf der Seite Leistungen<ul><li>Flaticon<ul><li>Author: <strong>surang<\/strong> https:\/\/www.flaticon.com\/authors\/surang<\/li><li>Quell-Website: https:\/\/www.flaticon.com\/<\/li><\/ul><\/li><\/ul><\/li><\/ul>\n\n\n\n<p><\/p>\n","protected":false},"excerpt":{"rendered":"<p>Angaben gem\u00e4\u00df \u00a7 5 TMG Tim B\u00e4\u00dflertb it solutionsSchulstra\u00dfe 1153567 BuchholzDeutschland Vertreten durch:Tim B\u00e4\u00dfler Kontakt:Telefon: +49 2248 91 67 67 1E-Mail:&nbsp;info(at)tbitsolutions.de Haftungsausschluss: Haftung f\u00fcr Inhalte Die Inhalte unserer Seiten wurden mit gr\u00f6\u00dfter Sorgfalt erstellt. F\u00fcr die Richtigkeit, Vollst\u00e4ndigkeit und Aktualit\u00e4t der Inhalte k\u00f6nnen wir jedoch keine Gew\u00e4hr \u00fcbernehmen. Als Diensteanbieter sind wir gem\u00e4\u00df \u00a7 7<\/p>\n<p class=\"more-link\"><a href=\"https:\/\/www.tbitsolutions.de\/?page_id=574\" class=\"themebutton\">Read More<\/a><\/p>\n","protected":false},"author":1,"featured_media":0,"parent":0,"menu_order":0,"comment_status":"closed","ping_status":"closed","template":"","meta":{"footnotes":""},"class_list":["post-574","page","type-page","status-publish","hentry"],"aioseo_notices":[],"_links":{"self":[{"href":"https:\/\/www.tbitsolutions.de\/index.php?rest_route=\/wp\/v2\/pages\/574","targetHints":{"allow":["GET"]}}],"collection":[{"href":"https:\/\/www.tbitsolutions.de\/index.php?rest_route=\/wp\/v2\/pages"}],"about":[{"href":"https:\/\/www.tbitsolutions.de\/index.php?rest_route=\/wp\/v2\/types\/page"}],"author":[{"embeddable":true,"href":"https:\/\/www.tbitsolutions.de\/index.php?rest_route=\/wp\/v2\/users\/1"}],"replies":[{"embeddable":true,"href":"https:\/\/www.tbitsolutions.de\/index.php?rest_route=%2Fwp%2Fv2%2Fcomments&post=574"}],"version-history":[{"count":8,"href":"https:\/\/www.tbitsolutions.de\/index.php?rest_route=\/wp\/v2\/pages\/574\/revisions"}],"predecessor-version":[{"id":797,"href":"https:\/\/www.tbitsolutions.de\/index.php?rest_route=\/wp\/v2\/pages\/574\/revisions\/797"}],"wp:attachment":[{"href":"https:\/\/www.tbitsolutions.de\/index.php?rest_route=%2Fwp%2Fv2%2Fmedia&parent=574"}],"curies":[{"name":"wp","href":"https:\/\/api.w.org\/{rel}","templated":true}]}}